{"id":481,"date":"2025-04-17T19:04:28","date_gmt":"2025-04-17T19:04:28","guid":{"rendered":"https:\/\/ebsmelgaco.com\/wpebs1\/?page_id=481"},"modified":"2025-06-12T09:02:13","modified_gmt":"2025-06-12T09:02:13","slug":"atividade-recente","status":"publish","type":"page","link":"https:\/\/ebsmelgaco.com\/wpebs1\/atividade-recente\/","title":{"rendered":"Atividade recente"},"content":{"rendered":"<div class='pt-cv-wrapper'> <div class=\"pt-cv-view pt-cv-blockgrid iscvblock iscvreal list1 layout1\" id=\"pt-cv-view-zy7f4u3s\"><div data-id=\"pt-cv-page-1\" class=\"pt-cv-page\" data-cvc=\"1\"><div class=\" pt-cv-content-item pt-cv-2-col\" ><h4 class=\"pt-cv-title\"><a href=\"https:\/\/ebsmelgaco.com\/wpebs1\/2026\/04\/01\/servicos-administrativos-horario-de-funcionamento-7-a-10-de-abril\/\" class=\"_self\" target=\"_self\" >Servi\u00e7os Administrativos &#8211; Hor\u00e1rio de Funcionamento (7 a 10 de abril)<\/a><\/h4>\n<div class=\"pt-cv-content\">O hor\u00e1rio de funcionamento durante a interrup\u00e7\u00e3o letiva da P\u00e1scoa (de 7 a 10 de abril) \u00e9 o seguinte: \u2022 09h00 \u00e0s 12h30\u2022 14h00 \u00e0s 17h30 \u00bb Aviso &#8230;<\/div><\/div>\n<div class=\" pt-cv-content-item pt-cv-2-col\" ><h4 class=\"pt-cv-title\"><a href=\"https:\/\/ebsmelgaco.com\/wpebs1\/2026\/03\/03\/contratacao-escola-25-26-horario-n-o-18\/\" class=\"_self\" target=\"_self\" >Contrata\u00e7\u00e3o Escola 25\/26. Hor\u00e1rio n.\u00ba 18<\/a><\/h4>\n<div class=\"pt-cv-content\">Dando cumprimento ao estipulado nos n\u00fameros 4 e 5 do artigo 39.\u00ba do Decreto\u2013Lei n.\u00ba 132\/2012, de 27 de junho, na reda\u00e7\u00e3o conferida pelo Decreto-Lei n.\u00ba 9\/2016, de 07 de mar\u00e7o, e ainda nos termos do Decreto-Lei n.\u00ba 10-B\/2021, de 4 de fevereiro, torna-se p\u00fablico que est\u00e1 aberto o concurso de contrata\u00e7\u00e3o de Escola, na aplica\u00e7\u00e3o disponibilizada pelo Dire\u00e7\u00e3o-Geral da &#8230;<\/div><\/div>\n<div class=\" pt-cv-content-item pt-cv-2-col\" ><h4 class=\"pt-cv-title\"><a href=\"https:\/\/ebsmelgaco.com\/wpebs1\/2026\/02\/10\/contratacao-escola-25-26-horario-n-o-16\/\" class=\"_self\" target=\"_self\" >Contrata\u00e7\u00e3o Escola 25\/26. Hor\u00e1rio n.\u00ba 16<\/a><\/h4>\n<div class=\"pt-cv-content\">Dando cumprimento ao estipulado nos n\u00fameros 4 e 5 do artigo 39.\u00ba do Decreto\u2013Lei n.\u00ba 132\/2012, de 27 de junho, na reda\u00e7\u00e3o conferida pelo Decreto-Lei n.\u00ba 9\/2016, de 07 de mar\u00e7o, e ainda nos termos do Decreto-Lei n.\u00ba 10-B\/2021, de 4 de fevereiro, torna-se p\u00fablico que est\u00e1 aberto o concurso de contrata\u00e7\u00e3o de Escola, na aplica\u00e7\u00e3o disponibilizada pelo Dire\u00e7\u00e3o-Geral da &#8230;<\/div><\/div>\n<div class=\" pt-cv-content-item pt-cv-2-col\" ><h4 class=\"pt-cv-title\"><a href=\"https:\/\/ebsmelgaco.com\/wpebs1\/2026\/01\/19\/contratacao-escola-25-26-horario-n-o-15\/\" class=\"_self\" target=\"_self\" >Contrata\u00e7\u00e3o Escola 25\/26. Hor\u00e1rio n.\u00ba 15<\/a><\/h4>\n<div class=\"pt-cv-content\">Dando cumprimento ao estipulado nos n\u00fameros 4 e 5 do artigo 39.\u00ba do Decreto\u2013Lei n.\u00ba 132\/2012, de 27 de junho, na reda\u00e7\u00e3o conferida pelo Decreto-Lei n.\u00ba 9\/2016, de 07 de mar\u00e7o, e ainda nos termos do Decreto-Lei n.\u00ba 10-B\/2021, de 4 de fevereiro, torna-se p\u00fablico que est\u00e1 aberto o concurso de contrata\u00e7\u00e3o de Escola, na aplica\u00e7\u00e3o disponibilizada pelo Dire\u00e7\u00e3o-Geral da &#8230;<\/div><\/div>\n<div class=\" pt-cv-content-item pt-cv-2-col\" ><h4 class=\"pt-cv-title\"><a href=\"https:\/\/ebsmelgaco.com\/wpebs1\/2026\/01\/12\/contratacao-escola-25-26-horario-n-o-12-2\/\" class=\"_self\" target=\"_self\" >Contrata\u00e7\u00e3o Escola 25\/26. Hor\u00e1rio n.\u00ba 14<\/a><\/h4>\n<div class=\"pt-cv-content\">Dando cumprimento ao estipulado nos n\u00fameros 4 e 5 do artigo 39.\u00ba do Decreto\u2013Lei n.\u00ba 132\/2012, de 27 de junho, na reda\u00e7\u00e3o conferida pelo Decreto-Lei n.\u00ba 9\/2016, de 07 de mar\u00e7o, e ainda nos termos do Decreto-Lei n.\u00ba 10-B\/2021, de 4 de fevereiro, torna-se p\u00fablico que est\u00e1 aberto o concurso de contrata\u00e7\u00e3o de Escola, na aplica\u00e7\u00e3o disponibilizada pelo Dire\u00e7\u00e3o-Geral da &#8230;<\/div><\/div>\n<div class=\" pt-cv-content-item pt-cv-2-col\" ><h4 class=\"pt-cv-title\"><a href=\"https:\/\/ebsmelgaco.com\/wpebs1\/2025\/10\/15\/contratacao-escola-25-26-horario-n-o-12\/\" class=\"_self\" target=\"_self\" >Contrata\u00e7\u00e3o Escola 25\/26. Hor\u00e1rio n.\u00ba 12<\/a><\/h4>\n<div class=\"pt-cv-content\">Dando cumprimento ao estipulado nos n\u00fameros 4 e 5 do artigo 39.\u00ba do Decreto\u2013Lei n.\u00ba 132\/2012, de 27 de junho, na reda\u00e7\u00e3o conferida pelo Decreto-Lei n.\u00ba 9\/2016, de 07 de mar\u00e7o, e ainda nos termos do Decreto-Lei n.\u00ba 10-B\/2021, de 4 de fevereiro, torna-se p\u00fablico que est\u00e1 aberto o concurso de contrata\u00e7\u00e3o de Escola, na aplica\u00e7\u00e3o disponibilizada pelo Dire\u00e7\u00e3o-Geral da &#8230;<\/div><\/div>\n<div class=\" pt-cv-content-item pt-cv-2-col\" ><h4 class=\"pt-cv-title\"><a href=\"https:\/\/ebsmelgaco.com\/wpebs1\/2025\/09\/04\/reunioes-de-diretores-de-turma-professores-titulares-de-turma-com-encarregados-de-educacao\/\" class=\"_self\" target=\"_self\" >Reuni\u00f5es de Diretores de Turma\/Professores Titulares de Turma com Encarregados de Educa\u00e7\u00e3o<\/a><\/h4>\n<div class=\"pt-cv-content\">Convidam-se todos os Encarregados de Educa\u00e7\u00e3o para participar na reuni\u00e3o com o respetivo Diretor de Turma, de acordo com a calendariza\u00e7\u00e3o apresentada e com a seguinte ordem de trabalhos: Ponto 1 \u2013 Apresenta\u00e7\u00e3o e divulga\u00e7\u00e3o do hor\u00e1rio de atendimento;Ponto 2 \u2013 Divulga\u00e7\u00e3o do Regulamento Interno e do Estatuto do Aluno;Ponto 3 \u2013 Informa\u00e7\u00e3o relativamente ao funcionamento dos programas INOVAR\/SIGE;Ponto 4 &#8230;<\/div><\/div>\n<div class=\" pt-cv-content-item pt-cv-2-col\" ><h4 class=\"pt-cv-title\"><a href=\"https:\/\/ebsmelgaco.com\/wpebs1\/2025\/08\/06\/encerramento-das-escolas-do-agrupamento-de-11-a-16-de-agosto\/\" class=\"_self\" target=\"_self\" >Encerramento das Escolas do Agrupamento de 11 a 15 de agosto<\/a><\/h4>\n<div class=\"pt-cv-content\">Avisam-se todos os interessados que, de acordo com o despacho n.\u00ba 1\/2024 do Sr. Ministro da Educa\u00e7\u00e3o, Ci\u00eancia e Inova\u00e7\u00e3o, as escolas deste agrupamento v\u00e3o estar encerradas no per\u00edodo de 11 a 15 de agosto de 2025. \u00bb Encerramento das escolas do agrupamento &#8211; Aviso &#8230;<\/div><\/div><\/div><\/div>\n<div class=\" pt-cv-pagination-wrapper\"><ul class=\"pt-cv-pagination pt-cv-ajax pagination\" data-totalpages=\"3\" data-currentpage=\"1\" data-sid=\"zy7f4u3s\" data-unid=\"\" data-isblock=\"list1\" data-postid=\"0\"><li class=\"active\"><a href=\"#\">1<\/a><\/li>\n\t<li ><a class=\"\" href=\"https:\/\/ebsmelgaco.com\/wpebs1\/wp-json\/wp\/v2\/pages\/481\/?_page=2\">2<\/a><\/li>\n\t<li ><a class=\"\" href=\"https:\/\/ebsmelgaco.com\/wpebs1\/wp-json\/wp\/v2\/pages\/481\/?_page=3\">3<\/a><\/li>\n\t<li ><a class=\" \" href=\"https:\/\/ebsmelgaco.com\/wpebs1\/wp-json\/wp\/v2\/pages\/481\/?_page=2\">&rsaquo;<\/a><\/li>\n\t<\/ul><img loading=\"lazy\" decoding=\"async\" width=\"15\" height=\"15\" class=\"pt-cv-spinner\" alt=\"Loading...\" src=\"data:image\/gif;base64,R0lGODlhDwAPALMPAMrKygwMDJOTkz09PZWVla+vr3p6euTk5M7OzuXl5TMzMwAAAJmZmWZmZszMzP\/\/\/yH\/C05FVFNDQVBFMi4wAwEAAAAh+QQFCgAPACwAAAAADwAPAAAEQvDJaZaZOIcV8iQK8VRX4iTYoAwZ4iCYoAjZ4RxejhVNoT+mRGP4cyF4Pp0N98sBGIBMEMOotl6YZ3S61Bmbkm4mAgAh+QQFCgAPACwAAAAADQANAAAENPDJSRSZeA418itN8QiK8BiLITVsFiyBBIoYqnoewAD4xPw9iY4XLGYSjkQR4UAUD45DLwIAIfkEBQoADwAsAAAAAA8ACQAABC\/wyVlamTi3nSdgwFNdhEJgTJoNyoB9ISYoQmdjiZPcj7EYCAeCF1gEDo4Dz2eIAAAh+QQFCgAPACwCAAAADQANAAAEM\/DJBxiYeLKdX3IJZT1FU0iIg2RNKx3OkZVnZ98ToRD4MyiDnkAh6BkNC0MvsAj0kMpHBAAh+QQFCgAPACwGAAAACQAPAAAEMDC59KpFDll73HkAA2wVY5KgiK5b0RRoI6MuzG6EQqCDMlSGheEhUAgqgUUAFRySIgAh+QQFCgAPACwCAAIADQANAAAEM\/DJKZNLND\/kkKaHc3xk+QAMYDKsiaqmZCxGVjSFFCxB1vwy2oOgIDxuucxAMTAJFAJNBAAh+QQFCgAPACwAAAYADwAJAAAEMNAs86q1yaWwwv2Ig0jUZx3OYa4XoRAfwADXoAwfo1+CIjyFRuEho60aSNYlOPxEAAAh+QQFCgAPACwAAAIADQANAAAENPA9s4y8+IUVcqaWJ4qEQozSoAzoIyhCK2NFU2SJk0hNnyEOhKR2AzAAj4Pj4GE4W0bkJQIAOw==\" \/><div class=\"clear pt-cv-clear-pagination\"><\/div><\/div> <\/div> <style>\n\n#pt-cv-view-zy7f4u3s .pt-cv-meta-fields {  }#pt-cv-view-zy7f4u3s .pt-cv-meta-fields * { font-size: 13px; }#pt-cv-view-zy7f4u3s .pt-cv-thumb-wrapper:not(.miniwrap) { width: 40%; }#pt-cv-view-zy7f4u3s .pt-cv-thumbnail:not(.pt-cv-thumbnailsm) { height: 300px; }#pt-cv-view-zy7f4u3s .pt-cv-title a { display: block; }#pt-cv-view-zy7f4u3s .pt-cv-title:not(.pt-cv-titlesm) a { font-weight: 600;text-decoration: none;font-size: 22px; }#pt-cv-view-zy7f4u3s .pt-cv-titlesm a { font-weight: 600;font-size: 18px; }#pt-cv-view-zy7f4u3s .pt-cv-content { font-size: 15px; }#pt-cv-view-zy7f4u3s .pt-cv-rmwrap {  }#pt-cv-view-zy7f4u3s .pt-cv-readmore { color: #fff;background-color: #0075ff;font-size: 14px; }#pt-cv-view-zy7f4u3s .pt-cv-taxoterm {  }#pt-cv-view-zy7f4u3s .pt-cv-taxoterm * { color: #222;background-color: #fff6f6;font-size: 14px; }#pt-cv-view-zy7f4u3s + .pt-cv-pagination-wrapper {  }#pt-cv-view-zy7f4u3s + .pt-cv-pagination-wrapper a { font-size: 14px; }#pt-cv-view-zy7f4u3s > .pt-cv-page {grid-template-columns: repeat(1, 1fr);grid-gap: 20px;}\n@media all and (max-width: 1024px) { \n#pt-cv-view-zy7f4u3s > .pt-cv-page {grid-template-columns: repeat(1, 1fr);}\n} \n@media all and (max-width: 767px) { \n#pt-cv-view-zy7f4u3s > .pt-cv-page {grid-template-columns: repeat(1, 1fr);}\n} <\/style>","protected":false},"excerpt":{"rendered":"","protected":false},"author":1,"featured_media":0,"parent":0,"menu_order":0,"comment_status":"closed","ping_status":"closed","template":"","meta":{"footnotes":""},"class_list":["post-481","page","type-page","status-publish","hentry"],"_links":{"self":[{"href":"https:\/\/ebsmelgaco.com\/wpebs1\/wp-json\/wp\/v2\/pages\/481","targetHints":{"allow":["GET"]}}],"collection":[{"href":"https:\/\/ebsmelgaco.com\/wpebs1\/wp-json\/wp\/v2\/pages"}],"about":[{"href":"https:\/\/ebsmelgaco.com\/wpebs1\/wp-json\/wp\/v2\/types\/page"}],"author":[{"embeddable":true,"href":"https:\/\/ebsmelgaco.com\/wpebs1\/wp-json\/wp\/v2\/users\/1"}],"replies":[{"embeddable":true,"href":"https:\/\/ebsmelgaco.com\/wpebs1\/wp-json\/wp\/v2\/comments?post=481"}],"version-history":[{"count":14,"href":"https:\/\/ebsmelgaco.com\/wpebs1\/wp-json\/wp\/v2\/pages\/481\/revisions"}],"predecessor-version":[{"id":1483,"href":"https:\/\/ebsmelgaco.com\/wpebs1\/wp-json\/wp\/v2\/pages\/481\/revisions\/1483"}],"wp:attachment":[{"href":"https:\/\/ebsmelgaco.com\/wpebs1\/wp-json\/wp\/v2\/media?parent=481"}],"curies":[{"name":"wp","href":"https:\/\/api.w.org\/{rel}","templated":true}]}}