{"id":259,"date":"2025-04-09T19:27:50","date_gmt":"2025-04-09T19:27:50","guid":{"rendered":"https:\/\/ebsmelgaco.com\/wpebs1\/?page_id=259"},"modified":"2025-06-12T19:30:24","modified_gmt":"2025-06-12T19:30:24","slug":"oferta-educativa","status":"publish","type":"page","link":"https:\/\/ebsmelgaco.com\/wpebs1\/oferta-educativa\/","title":{"rendered":"Oferta Educativa"},"content":{"rendered":"\n<p align=\"justify\"><img loading=\"lazy\" decoding=\"async\" class=\"alignnone  wp-image-281\" src=\"https:\/\/ebsmelgaco.com\/wpebs1\/wp-content\/uploads\/Logo_Pessoas_2030a1-300x41.png\" alt=\"\" width=\"754\" height=\"103\" srcset=\"https:\/\/ebsmelgaco.com\/wpebs1\/wp-content\/uploads\/Logo_Pessoas_2030a1-300x41.png 300w, https:\/\/ebsmelgaco.com\/wpebs1\/wp-content\/uploads\/Logo_Pessoas_2030a1-1024x141.png 1024w, https:\/\/ebsmelgaco.com\/wpebs1\/wp-content\/uploads\/Logo_Pessoas_2030a1-768x106.png 768w, https:\/\/ebsmelgaco.com\/wpebs1\/wp-content\/uploads\/Logo_Pessoas_2030a1-1536x212.png 1536w, https:\/\/ebsmelgaco.com\/wpebs1\/wp-content\/uploads\/Logo_Pessoas_2030a1.png 1933w\" sizes=\"auto, (max-width: 754px) 100vw, 754px\" \/><\/p>\n<p align=\"justify\">O Agrupamento preocupa-se em adequar a oferta educativa\/formativa \u00e0s necessidades e potencialidades dos alunos, garantindo a igualdade de oportunidades de aprendizagem e o sucesso escolar para todos, sem esquecer as solicita\u00e7\u00f5es da comunidade envolvente. Assim, o Agrupamento de Escolas de Melga\u00e7o disponibiliza a seguinte oferta educativa e formativa<\/p>\n<p><strong>\u00bb Educa\u00e7\u00e3o pr\u00e9-escolar<\/strong><\/p>\n<p><strong>\u00bb Ensino B\u00e1sico<\/strong><br \/>\u00a0 \u00a0\u2022\u00a0 \u00a01.\u00ba Ciclo<br \/>\u00a0 \u00a0\u2022\u00a0 \u00a02.\u00ba Ciclo<br \/>\u00a0 \u00a0\u2022\u00a0 \u00a03.\u00ba Ciclo<\/p>\n<p><strong>\u00bb Ensino Secund\u00e1rio<\/strong><br \/>\u00a0 \u00a0\u2022\u00a0 \u00a0Curso Cient\u00edfico-human\u00edstico de Ci\u00eancias e Tecnologias<br \/>\u00a0 \u00a0\u2022\u00a0 \u00a0Curso Cient\u00edfico-human\u00edstico de Ci\u00eancias Socioecon\u00f3micas<br \/>\u00a0 \u00a0\u2022\u00a0 \u00a0Curso Cient\u00edfico-human\u00edstico de L\u00ednguas e Humanidades<\/p>\n<p><strong>\u00bb Ensino Profissional<\/strong>\u00a0<br \/>\u00a0 \u00a0\u2022\u00a0 \u00a0Curso T\u00e9cnico de Desporto<\/p>\n<p>\u00bb Atividades de Enriquecimento Curricular no 1\u00ba Ciclo<br \/>\u00bb Atividades de Anima\u00e7\u00e3o e Apoio \u00e0 Fam\u00edlia no Pr\u00e9-Escolar<\/p>\n\n\n\n<p class=\"has-tertiary-background-color has-background\" style=\"margin-right:0;margin-left:0\">\u00bb <a href=\"https:\/\/ebsmelgaco.com\/wpebs1\/wp-content\/uploads\/Matrizes_Curriculares_2024-2025.pdf\" target=\"_blank\" rel=\"noreferrer noopener\">Matrizes curriculares<\/a><\/p>\n","protected":false},"excerpt":{"rendered":"<p>O Agrupamento preocupa-se em adequar a oferta educativa\/formativa \u00e0s necessidades e potencialidades dos alunos, garantindo a igualdade de oportunidades de aprendizagem e o sucesso escolar para todos, sem esquecer as solicita\u00e7\u00f5es da comunidade envolvente. Assim, o Agrupamento de Escolas de Melga\u00e7o disponibiliza a seguinte oferta educativa e formativa \u00bb Educa\u00e7\u00e3o pr\u00e9-escolar \u00bb Ensino B\u00e1sico\u00a0 \u00a0\u2022\u00a0 [&hellip;]<\/p>\n","protected":false},"author":1,"featured_media":0,"parent":0,"menu_order":0,"comment_status":"closed","ping_status":"closed","template":"","meta":{"footnotes":""},"class_list":["post-259","page","type-page","status-publish","hentry"],"_links":{"self":[{"href":"https:\/\/ebsmelgaco.com\/wpebs1\/wp-json\/wp\/v2\/pages\/259","targetHints":{"allow":["GET"]}}],"collection":[{"href":"https:\/\/ebsmelgaco.com\/wpebs1\/wp-json\/wp\/v2\/pages"}],"about":[{"href":"https:\/\/ebsmelgaco.com\/wpebs1\/wp-json\/wp\/v2\/types\/page"}],"author":[{"embeddable":true,"href":"https:\/\/ebsmelgaco.com\/wpebs1\/wp-json\/wp\/v2\/users\/1"}],"replies":[{"embeddable":true,"href":"https:\/\/ebsmelgaco.com\/wpebs1\/wp-json\/wp\/v2\/comments?post=259"}],"version-history":[{"count":22,"href":"https:\/\/ebsmelgaco.com\/wpebs1\/wp-json\/wp\/v2\/pages\/259\/revisions"}],"predecessor-version":[{"id":1520,"href":"https:\/\/ebsmelgaco.com\/wpebs1\/wp-json\/wp\/v2\/pages\/259\/revisions\/1520"}],"wp:attachment":[{"href":"https:\/\/ebsmelgaco.com\/wpebs1\/wp-json\/wp\/v2\/media?parent=259"}],"curies":[{"name":"wp","href":"https:\/\/api.w.org\/{rel}","templated":true}]}}