{"id":1813,"date":"2025-09-01T21:31:23","date_gmt":"2025-09-01T21:31:23","guid":{"rendered":"https:\/\/ebsmelgaco.com\/wpebs1\/?page_id=1813"},"modified":"2025-09-01T21:31:23","modified_gmt":"2025-09-01T21:31:23","slug":"calendario-escolar-2025-2026","status":"publish","type":"page","link":"https:\/\/ebsmelgaco.com\/wpebs1\/calendario-escolar-2025-2026\/","title":{"rendered":"Calend\u00e1rio Escolar &#8211; 2025\/2026"},"content":{"rendered":"\n<p>O Calend\u00e1rio Escolar para o ano letivo 2025\/2026 encontra-se publicado no Despacho n.\u00ba 8368\/2024, de 25 de julho de 2024, alterado pelo Despacho n.\u00ba 9989\/2025.<\/p>\n<table>\n<tbody>\n<tr>\n<td>\n<p><strong>\u00bb\u00a0 1.\u00ba Per\u00edodo<\/strong><br \/><span style=\"color: #ffffff;\">.<\/span>\u00a0 \u00a0In\u00edcio:\u00a0 \u00a0 \u00a015 de setembro de 2025<br \/><span style=\"color: #ffffff;\">.<\/span>\u00a0 \u00a0Termo:\u00a0 \u00a016 de dezembro de 2025<\/p>\n<\/td>\n<\/tr>\n<\/tbody>\n<\/table>\n<table style=\"width: 100%; height: 105px;\">\n<tbody>\n<tr style=\"height: 105px;\">\n<td style=\"height: 105px;\">\n<p><strong>\u00bb\u00a0 2.\u00ba Per\u00edodo<\/strong><br \/><span style=\"color: #ffffff;\">.<\/span>\u00a0 \u00a0In\u00edcio:\u00a0 \u00a0 \u00a005 de janeiro de 2026<br \/><span style=\"color: #ffffff;\">.<\/span>\u00a0 \u00a0Termo:\u00a0 \u00a0 27 de mar\u00e7o de 2026<\/p>\n<\/td>\n<\/tr>\n<\/tbody>\n<\/table>\n<table>\n<tbody>\n<tr>\n<td>\n<p><strong>\u00bb\u00a0 3.\u00ba Per\u00edodo<\/strong><br \/><span style=\"color: #ffffff;\">.<\/span>\u00a0 \u00a0In\u00edcio:\u00a0 \u00a0 \u00a013 de abril de 2026<br \/><span style=\"color: #ffffff;\">.<\/span>\u00a0 \u00a0Termo:\u00a0 \u00a005 de junho de 2026\u00a0 \u00a0&#8211;\u00a0 \u00a09.\u00ba, 11.\u00ba e 12.\u00ba anos<br \/><span style=\"color: #ffffff;\">.<\/span>\u00a0 \u00a0 \u00a0 \u00a0 \u00a0 \u00a0 \u00a0 \u00a0 \u00a012 de junho de 2026\u00a0 \u00a0&#8211;\u00a0 5.\u00ba, 6.\u00ba, 7.\u00ba, 8.\u00ba e 10.\u00ba anos<br \/><span style=\"color: #ffffff;\">.<\/span>\u00a0 \u00a0 \u00a0 \u00a0 \u00a0 \u00a0 \u00a0 \u00a0 \u00a030 de junho de 2026\u00a0 \u00a0&#8211;\u00a0 \u00a0Educa\u00e7\u00e3o pr\u00e9-escolar e 1.\u00ba ciclo do Ensino B\u00e1sico.<\/p>\n<\/td>\n<\/tr>\n<\/tbody>\n<\/table>\n<table>\n<tbody>\n<tr>\n<td>\n<p><strong>\u00bb\u00a0 Interrup\u00e7\u00f5es letivas<\/strong><br \/><span style=\"color: #ffffff;\">.<\/span>\u00a0 \u00a0Natal:\u00a0 \u00a0 \u00a0 \u00a0 \u00a017 de dezembro de 2025 a 2 de janeiro de 2026<br \/><span style=\"color: #ffffff;\">.<\/span>\u00a0 \u00a0Carnaval:\u00a0 \u00a016 a 18 de fevereiro de 2026\u00a0<br \/><span style=\"color: #ffffff;\">.<\/span>\u00a0 \u00a0P\u00e1scoa:\u00a0 \u00a0 \u00a0 30 de mar\u00e7o a 10 de abril de 2026<\/p>\n<\/td>\n<\/tr>\n<\/tbody>\n<\/table>\n<p><strong>\u00bb\u00a0 Informa\u00e7\u00f5es complementares<\/strong><\/p>\n<table style=\"height: 84px; width: 100%; border-collapse: collapse;\" border=\"0\">\n<tbody>\n<tr style=\"height: 21px;\">\n<td style=\"width: 16.6667%; height: 21px; text-align: center; vertical-align: middle; background-color: #acdbfc;\">Per\u00edodo<\/td>\n<td style=\"width: 16.6667%; height: 21px; text-align: center; vertical-align: middle; background-color: #acdbfc;\">Segundas<\/td>\n<td style=\"width: 16.6667%; height: 21px; text-align: center; vertical-align: middle; background-color: #acdbfc;\">Ter\u00e7as<\/td>\n<td style=\"width: 16.6667%; height: 21px; text-align: center; vertical-align: middle; background-color: #acdbfc;\">Quartas<\/td>\n<td style=\"width: 16.6667%; height: 21px; text-align: center; vertical-align: middle; background-color: #acdbfc;\">Quintas<\/td>\n<td style=\"width: 16.6667%; height: 21px; text-align: center; vertical-align: middle; background-color: #acdbfc;\">Sextas<\/td>\n<\/tr>\n<tr style=\"height: 21px;\">\n<td style=\"width: 16.6667%; height: 21px; text-align: center; vertical-align: middle;\">1.\u00ba<\/td>\n<td style=\"width: 16.6667%; height: 21px; text-align: center; vertical-align: middle;\">12<\/td>\n<td style=\"width: 16.6667%; height: 21px; text-align: center; vertical-align: middle;\">14<\/td>\n<td style=\"width: 16.6667%; height: 21px; text-align: center; vertical-align: middle;\">13<\/td>\n<td style=\"width: 16.6667%; height: 21px; text-align: center; vertical-align: middle;\">13<\/td>\n<td style=\"width: 16.6667%; height: 21px; text-align: center; vertical-align: middle;\">13<\/td>\n<\/tr>\n<tr style=\"height: 21px;\">\n<td style=\"width: 16.6667%; height: 21px; text-align: center; vertical-align: middle;\">2.\u00ba<\/td>\n<td style=\"width: 16.6667%; height: 21px; text-align: center; vertical-align: middle;\">11<\/td>\n<td style=\"width: 16.6667%; height: 21px; text-align: center; vertical-align: middle;\">11<\/td>\n<td style=\"width: 16.6667%; height: 21px; text-align: center; vertical-align: middle;\">11<\/td>\n<td style=\"width: 16.6667%; height: 21px; text-align: center; vertical-align: middle;\">12<\/td>\n<td style=\"width: 16.6667%; height: 21px; text-align: center; vertical-align: middle;\">12<\/td>\n<\/tr>\n<tr style=\"height: 21px;\">\n<td style=\"width: 16.6667%; height: 21px; text-align: center; vertical-align: middle;\">3.\u00ba<\/td>\n<td style=\"width: 16.6667%; height: 21px; text-align: center; vertical-align: middle;\">8\/9\/12<\/td>\n<td style=\"width: 16.6667%; height: 21px; text-align: center; vertical-align: middle;\">8\/9\/12<\/td>\n<td style=\"width: 16.6667%; height: 21px; text-align: center; vertical-align: middle;\">8\/8\/10<\/td>\n<td style=\"width: 16.6667%; height: 21px; text-align: center; vertical-align: middle;\">6\/7\/9<\/td>\n<td style=\"width: 16.6667%; height: 21px; text-align: center; vertical-align: middle;\">7\/8\/10<\/td>\n<\/tr>\n<\/tbody>\n<\/table>\n\n\n\n<p class=\"has-tertiary-background-color has-background\">\u00bb&nbsp; <a href=\"https:\/\/ebsmelgaco.com\/wpebs1\/wp-content\/uploads\/Depacho_8368-2024.pdf\" target=\"_blank\" rel=\"noreferrer noopener\">Calend\u00e1rio Escolar &#8211; Despacho n.\u00ba 8368\/2024<\/a><br>\u00bb&nbsp;&nbsp;<a href=\"https:\/\/ebsmelgaco.com\/wpebs1\/wp-content\/uploads\/Despacho_n9989-2025.pdf\" target=\"_blank\" rel=\"noreferrer noopener\">Altera\u00e7\u00e3o ao Calend\u00e1rio Escolar &#8211; Despacho n.\u00ba 9989\/2025<\/a><br>\u00bb&nbsp; <a href=\"https:\/\/ebsmelgaco.com\/wpebs1\/wp-content\/uploads\/Calendario-Escolar-A-2025-2026-V02.pdf\" target=\"_blank\" rel=\"noreferrer noopener\">Calend\u00e1rio para uso escolar<\/a><\/p>\n","protected":false},"excerpt":{"rendered":"<p>O Calend\u00e1rio Escolar para o ano letivo 2025\/2026 encontra-se publicado no Despacho n.\u00ba 8368\/2024, de 25 de julho de 2024, alterado pelo Despacho n.\u00ba 9989\/2025. \u00bb\u00a0 1.\u00ba Per\u00edodo.\u00a0 \u00a0In\u00edcio:\u00a0 \u00a0 \u00a015 de setembro de 2025.\u00a0 \u00a0Termo:\u00a0 \u00a016 de dezembro de 2025 \u00bb\u00a0 2.\u00ba Per\u00edodo.\u00a0 \u00a0In\u00edcio:\u00a0 \u00a0 \u00a005 de janeiro de 2026.\u00a0 \u00a0Termo:\u00a0 \u00a0 27 de [&hellip;]<\/p>\n","protected":false},"author":1,"featured_media":0,"parent":0,"menu_order":0,"comment_status":"closed","ping_status":"closed","template":"","meta":{"footnotes":""},"class_list":["post-1813","page","type-page","status-publish","hentry"],"_links":{"self":[{"href":"https:\/\/ebsmelgaco.com\/wpebs1\/wp-json\/wp\/v2\/pages\/1813","targetHints":{"allow":["GET"]}}],"collection":[{"href":"https:\/\/ebsmelgaco.com\/wpebs1\/wp-json\/wp\/v2\/pages"}],"about":[{"href":"https:\/\/ebsmelgaco.com\/wpebs1\/wp-json\/wp\/v2\/types\/page"}],"author":[{"embeddable":true,"href":"https:\/\/ebsmelgaco.com\/wpebs1\/wp-json\/wp\/v2\/users\/1"}],"replies":[{"embeddable":true,"href":"https:\/\/ebsmelgaco.com\/wpebs1\/wp-json\/wp\/v2\/comments?post=1813"}],"version-history":[{"count":21,"href":"https:\/\/ebsmelgaco.com\/wpebs1\/wp-json\/wp\/v2\/pages\/1813\/revisions"}],"predecessor-version":[{"id":1838,"href":"https:\/\/ebsmelgaco.com\/wpebs1\/wp-json\/wp\/v2\/pages\/1813\/revisions\/1838"}],"wp:attachment":[{"href":"https:\/\/ebsmelgaco.com\/wpebs1\/wp-json\/wp\/v2\/media?parent=1813"}],"curies":[{"name":"wp","href":"https:\/\/api.w.org\/{rel}","templated":true}]}}