{"id":1511,"date":"2025-06-12T19:10:26","date_gmt":"2025-06-12T19:10:26","guid":{"rendered":"https:\/\/ebsmelgaco.com\/wpebs1\/?page_id=1511"},"modified":"2026-02-15T12:09:09","modified_gmt":"2026-02-15T12:09:09","slug":"fichas-da-operacao-pessoas-2030","status":"publish","type":"page","link":"https:\/\/ebsmelgaco.com\/wpebs1\/fichas-da-operacao-pessoas-2030\/","title":{"rendered":"Fichas da Opera\u00e7\u00e3o &#8211; Pessoas 2030"},"content":{"rendered":"\n<p>O Programa Tem\u00e1tico Demografia, Qualifica\u00e7\u00f5es e Inclus\u00e3o, o <strong>Pessoas 2030<\/strong>, \u00e9 um programa tem\u00e1tico do Portugal 2030 que se dedica a apoiar medidas de pol\u00edtica p\u00fablica que permitam enfrentar os desafios das qualifica\u00e7\u00f5es da popula\u00e7\u00e3o, do emprego, da inclus\u00e3o social e, transversalmente, da quest\u00e3o demogr\u00e1fica.<\/p>\n\n\n\n<p class=\"has-tertiary-background-color has-background\">Fichas da Opera\u00e7\u00e3o<br>\u00bb&nbsp;<a href=\"https:\/\/ebsmelgaco.com\/wpebs1\/wp-content\/uploads\/Ficha_da_Operacao_PESSOAS-FSE-03201900.pdf\" target=\"_blank\" rel=\"noreferrer noopener\">Ficha da Opera\u00e7\u00e3o PESSOAS-FSE+-03201900<\/a> &#8211; 2025\/26<br>&nbsp;&nbsp;&nbsp;Cursos de Educa\u00e7\u00e3o e Forma\u00e7\u00e3o Profissional<br>\u00bb&nbsp;<a href=\"https:\/\/ebsmelgaco.com\/wpebs1\/wp-content\/uploads\/FichaOperacao_PESSOAS-FSE-01730600.pdf\" target=\"_blank\" rel=\"noreferrer noopener\">Ficha da Opera\u00e7\u00e3o PESSOAS-FSE+-01730600<\/a> &#8211; 2024\/25<br>&nbsp;&nbsp;&nbsp;Cursos de Educa\u00e7\u00e3o e Forma\u00e7\u00e3o Profissional<br>\u00bb&nbsp;<a href=\"https:\/\/ebsmelgaco.com\/wpebs1\/wp-content\/uploads\/Anexo_7_PESSOAS2030_FichaOperacao_A4_candidatura-individual.pdf\" target=\"_blank\" rel=\"noreferrer noopener\">Ficha da Opera\u00e7\u00e3o PESSOAS-FSE+-00620000<\/a> &#8211; 2024\/25<br>&nbsp;&nbsp;&nbsp;Recupera\u00e7\u00e3o das Aprendizagens, Promo\u00e7\u00e3o do Sucesso<br>&nbsp;&nbsp;&nbsp;Escolar e Combate \u00e0s Desigualdades<br>\u00bb&nbsp;<a href=\"https:\/\/ebsmelgaco.com\/wpebs1\/wp-content\/uploads\/Ficha_da_Operacao_PESSOAS_FSE_00981700_Com_Selo.pdf\" target=\"_blank\" rel=\"noreferrer noopener\">Ficha da Opera\u00e7\u00e3o PESSOAS-FSE+-00981700<\/a> &#8211; 2023\/24<br>&nbsp;&nbsp;&nbsp;Cursos de Educa\u00e7\u00e3o e Forma\u00e7\u00e3o Profissional<\/p>\n\n\n\n<p class=\"has-tertiary-background-color has-background\">Para mais informa\u00e7\u00e3o consultar<br>\u00bb <a href=\"https:\/\/pessoas2030.gov.pt\/o-pessoas-2030\/\" target=\"_blank\" rel=\"noreferrer noopener\">Programa Pessoas 2030<\/a><br>&nbsp;&nbsp;&nbsp;S\u00edtio oficial do Programa<\/p>\n\n\n\r\n\t\t<div  class=\"block-f5edadbf-b63b-43b7-b444-79d44a5b745c areoi-tabs\">\r\n\t\t\t\n\r\n\t\t<nav  class=\"block-6ac12645-656d-4b0e-aa96-d925be7b89dc nav nav-tabs\">\r\n\t\t\t\n\r\n\t\t<a  class=\"block-c4e96091-66f2-4f11-bce7-993bd47479b4 nav-link active\" href=\"#tab-1\">\r\n\t\t\tFSE+-03201900\r\n\t\t<\/a>\r\n\t\n\n\r\n\t\t<a  class=\"block-a3c2090d-adc9-4ffc-9753-f490ad5abd5e nav-link\" href=\"#tab-2\">\r\n\t\t\tFSE+-01730600\r\n\t\t<\/a>\r\n\t\n\n\r\n\t\t<a  class=\"block-2e48cce1-c10c-4cd2-8c40-3276065cb0f5 nav-link\" href=\"#tab-1771157183144-2\">\r\n\t\t\tFSE+-00620000\r\n\t\t<\/a>\r\n\t\n\n\r\n\t\t<a  class=\"block-4d229f62-4773-4676-a7e7-84d7f17085f2 nav-link\" href=\"#tab-1771157246953-3\">\r\n\t\t\tFSE+-00981700\r\n\t\t<\/a>\r\n\t\n \r\n\t\t<\/nav>\r\n\t\n\n\r\n\t\t<div id=\"tab-1\" class=\"block-9d22f50f-81cd-4864-858e-963f50a94821 areoi-element\">\r\n\t\t\t\r\n\t\t\t\n\n<figure class=\"wp-block-image size-large\"><img loading=\"lazy\" decoding=\"async\" width=\"683\" height=\"1024\" src=\"https:\/\/ebsmelgaco.com\/wpebs1\/wp-content\/uploads\/Placa_PESSOAS-FSE-03201900-683x1024.png\" alt=\"\" class=\"wp-image-2527\" srcset=\"https:\/\/ebsmelgaco.com\/wpebs1\/wp-content\/uploads\/Placa_PESSOAS-FSE-03201900-683x1024.png 683w, https:\/\/ebsmelgaco.com\/wpebs1\/wp-content\/uploads\/Placa_PESSOAS-FSE-03201900-200x300.png 200w, https:\/\/ebsmelgaco.com\/wpebs1\/wp-content\/uploads\/Placa_PESSOAS-FSE-03201900-768x1152.png 768w, https:\/\/ebsmelgaco.com\/wpebs1\/wp-content\/uploads\/Placa_PESSOAS-FSE-03201900-1024x1536.png 1024w, https:\/\/ebsmelgaco.com\/wpebs1\/wp-content\/uploads\/Placa_PESSOAS-FSE-03201900-1365x2048.png 1365w, https:\/\/ebsmelgaco.com\/wpebs1\/wp-content\/uploads\/Placa_PESSOAS-FSE-03201900-scaled.png 1707w\" sizes=\"auto, (max-width: 683px) 100vw, 683px\" \/><\/figure>\n\n\r\n\t\t\t \r\n\t\t<\/div>\r\n\t\n\n\r\n\t\t<div id=\"tab-2\" class=\"block-64d7b310-ec4a-4aef-a42d-7a02dff605ec areoi-element\">\r\n\t\t\t\r\n\t\t\t\n\n<figure class=\"wp-block-image size-large\"><img loading=\"lazy\" decoding=\"async\" width=\"724\" height=\"1024\" src=\"https:\/\/ebsmelgaco.com\/wpebs1\/wp-content\/uploads\/FSE-01730600-724x1024.png\" alt=\"\" class=\"wp-image-1515\" srcset=\"https:\/\/ebsmelgaco.com\/wpebs1\/wp-content\/uploads\/FSE-01730600-724x1024.png 724w, https:\/\/ebsmelgaco.com\/wpebs1\/wp-content\/uploads\/FSE-01730600-212x300.png 212w, https:\/\/ebsmelgaco.com\/wpebs1\/wp-content\/uploads\/FSE-01730600-768x1087.png 768w, https:\/\/ebsmelgaco.com\/wpebs1\/wp-content\/uploads\/FSE-01730600-1085x1536.png 1085w, https:\/\/ebsmelgaco.com\/wpebs1\/wp-content\/uploads\/FSE-01730600-1447x2048.png 1447w, https:\/\/ebsmelgaco.com\/wpebs1\/wp-content\/uploads\/FSE-01730600-scaled.png 1809w\" sizes=\"auto, (max-width: 724px) 100vw, 724px\" \/><\/figure>\n\n\r\n\t\t\t \r\n\t\t<\/div>\r\n\t\n\n\r\n\t\t<div id=\"tab-1771157183144-2\" class=\"block-37664656-6f8c-4ed2-a328-e96111ae9df8 areoi-element\">\r\n\t\t\t\r\n\t\t\t\n\n<figure class=\"wp-block-image size-large\"><img loading=\"lazy\" decoding=\"async\" width=\"724\" height=\"1024\" src=\"https:\/\/ebsmelgaco.com\/wpebs1\/wp-content\/uploads\/FSE-00620000-724x1024.png\" alt=\"\" class=\"wp-image-1516\" srcset=\"https:\/\/ebsmelgaco.com\/wpebs1\/wp-content\/uploads\/FSE-00620000-724x1024.png 724w, https:\/\/ebsmelgaco.com\/wpebs1\/wp-content\/uploads\/FSE-00620000-212x300.png 212w, https:\/\/ebsmelgaco.com\/wpebs1\/wp-content\/uploads\/FSE-00620000-768x1087.png 768w, https:\/\/ebsmelgaco.com\/wpebs1\/wp-content\/uploads\/FSE-00620000-1085x1536.png 1085w, https:\/\/ebsmelgaco.com\/wpebs1\/wp-content\/uploads\/FSE-00620000-1447x2048.png 1447w, https:\/\/ebsmelgaco.com\/wpebs1\/wp-content\/uploads\/FSE-00620000-scaled.png 1809w\" sizes=\"auto, (max-width: 724px) 100vw, 724px\" \/><\/figure>\n\n\r\n\t\t\t \r\n\t\t<\/div>\r\n\t\n\n\r\n\t\t<div id=\"tab-1771157246953-3\" class=\"block-bff2a5d7-d88b-41e6-ad87-6503351f06f5 areoi-element\">\r\n\t\t\t\r\n\t\t\t\n\n<p><\/p>\n\n\n\n<figure class=\"wp-block-image size-large\"><img loading=\"lazy\" decoding=\"async\" width=\"724\" height=\"1024\" src=\"https:\/\/ebsmelgaco.com\/wpebs1\/wp-content\/uploads\/FSE-00981700-724x1024.png\" alt=\"\" class=\"wp-image-1514\" srcset=\"https:\/\/ebsmelgaco.com\/wpebs1\/wp-content\/uploads\/FSE-00981700-724x1024.png 724w, https:\/\/ebsmelgaco.com\/wpebs1\/wp-content\/uploads\/FSE-00981700-212x300.png 212w, https:\/\/ebsmelgaco.com\/wpebs1\/wp-content\/uploads\/FSE-00981700-768x1087.png 768w, https:\/\/ebsmelgaco.com\/wpebs1\/wp-content\/uploads\/FSE-00981700-1085x1536.png 1085w, https:\/\/ebsmelgaco.com\/wpebs1\/wp-content\/uploads\/FSE-00981700-1447x2048.png 1447w, https:\/\/ebsmelgaco.com\/wpebs1\/wp-content\/uploads\/FSE-00981700-scaled.png 1809w\" sizes=\"auto, (max-width: 724px) 100vw, 724px\" \/><\/figure>\n\n\r\n\t\t\t \r\n\t\t<\/div>\r\n\t\n \r\n\t\t<\/div>\r\n\t\n\n\n<p><\/p>\n","protected":false},"excerpt":{"rendered":"<p>O Programa Tem\u00e1tico Demografia, Qualifica\u00e7\u00f5es e Inclus\u00e3o, o Pessoas 2030, \u00e9 um programa tem\u00e1tico do Portugal 2030 que se dedica a apoiar medidas de pol\u00edtica p\u00fablica que permitam enfrentar os desafios das qualifica\u00e7\u00f5es da popula\u00e7\u00e3o, do emprego, da inclus\u00e3o social e, transversalmente, da quest\u00e3o demogr\u00e1fica. Fichas da Opera\u00e7\u00e3o\u00bb&nbsp;Ficha da Opera\u00e7\u00e3o PESSOAS-FSE+-03201900 &#8211; 2025\/26&nbsp;&nbsp;&nbsp;Cursos de Educa\u00e7\u00e3o [&hellip;]<\/p>\n","protected":false},"author":1,"featured_media":0,"parent":0,"menu_order":0,"comment_status":"closed","ping_status":"closed","template":"","meta":{"footnotes":""},"class_list":["post-1511","page","type-page","status-publish","hentry"],"_links":{"self":[{"href":"https:\/\/ebsmelgaco.com\/wpebs1\/wp-json\/wp\/v2\/pages\/1511","targetHints":{"allow":["GET"]}}],"collection":[{"href":"https:\/\/ebsmelgaco.com\/wpebs1\/wp-json\/wp\/v2\/pages"}],"about":[{"href":"https:\/\/ebsmelgaco.com\/wpebs1\/wp-json\/wp\/v2\/types\/page"}],"author":[{"embeddable":true,"href":"https:\/\/ebsmelgaco.com\/wpebs1\/wp-json\/wp\/v2\/users\/1"}],"replies":[{"embeddable":true,"href":"https:\/\/ebsmelgaco.com\/wpebs1\/wp-json\/wp\/v2\/comments?post=1511"}],"version-history":[{"count":28,"href":"https:\/\/ebsmelgaco.com\/wpebs1\/wp-json\/wp\/v2\/pages\/1511\/revisions"}],"predecessor-version":[{"id":2533,"href":"https:\/\/ebsmelgaco.com\/wpebs1\/wp-json\/wp\/v2\/pages\/1511\/revisions\/2533"}],"wp:attachment":[{"href":"https:\/\/ebsmelgaco.com\/wpebs1\/wp-json\/wp\/v2\/media?parent=1511"}],"curies":[{"name":"wp","href":"https:\/\/api.w.org\/{rel}","templated":true}]}}