{"id":1486,"date":"2025-06-12T11:45:02","date_gmt":"2025-06-12T11:45:02","guid":{"rendered":"https:\/\/ebsmelgaco.com\/wpebs1\/?page_id=1486"},"modified":"2025-12-21T00:08:36","modified_gmt":"2025-12-21T00:08:36","slug":"publicacoes","status":"publish","type":"page","link":"https:\/\/ebsmelgaco.com\/wpebs1\/publicacoes\/","title":{"rendered":"Publica\u00e7\u00f5es"},"content":{"rendered":"<div class='pt-cv-wrapper'> <div class=\"pt-cv-view pt-cv-blockgrid iscvblock iscvreal list1 layout1\" id=\"pt-cv-view-by59h3g1\"><div data-id=\"pt-cv-page-1\" class=\"pt-cv-page\" data-cvc=\"1\"><div class=\" pt-cv-content-item pt-cv-2-col\" ><div class=\"pt-cv-thumb-wrapper pull-left \"><a href=\"https:\/\/ebsmelgaco.com\/wpebs1\/2026\/04\/30\/e-se-fosse-hoje-abril-subiu-ao-palco-em-melgaco\/\" class=\"_self pt-cv-href-thumbnail pt-cv-thumb-left\" target=\"_self\" ><img loading=\"lazy\" decoding=\"async\" width=\"768\" height=\"480\" src=\"https:\/\/ebsmelgaco.com\/wpebs1\/wp-content\/uploads\/Imagem_800x500-768x480.png\" class=\"pt-cv-thumbnail pull-left\" alt=\"\" \/><\/a><\/div>\n<div class=\"pt-cv-colwrap\"><h4 class=\"pt-cv-title\"><a href=\"https:\/\/ebsmelgaco.com\/wpebs1\/2026\/04\/30\/e-se-fosse-hoje-abril-subiu-ao-palco-em-melgaco\/\" class=\"_self\" target=\"_self\" >\u201cE se fosse hoje?\u201d \u2013 Abril subiu ao palco em Melga\u00e7o<\/a><\/h4><div class=\"pt-cv-content\">No passado dia 24 de abril, \u00e0s 21h00, a Casa da Cultura de Melga\u00e7o encheu-se por completo para assistir \u00e0 &#8230;<\/div><\/div><\/div>\n<div class=\" pt-cv-content-item pt-cv-2-col\" ><div class=\"pt-cv-thumb-wrapper pull-left \"><a href=\"https:\/\/ebsmelgaco.com\/wpebs1\/2026\/04\/24\/semana-da-leitura-feira-do-livro-2026\/\" class=\"_self pt-cv-href-thumbnail pt-cv-thumb-left\" target=\"_self\" ><img loading=\"lazy\" decoding=\"async\" width=\"768\" height=\"480\" src=\"https:\/\/ebsmelgaco.com\/wpebs1\/wp-content\/uploads\/SemanaLeitura_800x500-768x480.jpg\" class=\"pt-cv-thumbnail pull-left\" alt=\"\" \/><\/a><\/div>\n<div class=\"pt-cv-colwrap\"><h4 class=\"pt-cv-title\"><a href=\"https:\/\/ebsmelgaco.com\/wpebs1\/2026\/04\/24\/semana-da-leitura-feira-do-livro-2026\/\" class=\"_self\" target=\"_self\" >Semana da Leitura\/Feira do Livro 2026<\/a><\/h4><div class=\"pt-cv-content\">De 13 a 16 de abril, o Agrupamento abriu portas \u00e0 tradicional e aguardada Semana da Leitura\/Feira do Livro, dinamizada &#8230;<\/div><\/div><\/div>\n<div class=\" pt-cv-content-item pt-cv-2-col\" ><div class=\"pt-cv-thumb-wrapper pull-left \"><a href=\"https:\/\/ebsmelgaco.com\/wpebs1\/2026\/04\/24\/visita-ao-palacio-nacional-de-mafra\/\" class=\"_self pt-cv-href-thumbnail pt-cv-thumb-left\" target=\"_self\" ><img loading=\"lazy\" decoding=\"async\" width=\"768\" height=\"480\" src=\"https:\/\/ebsmelgaco.com\/wpebs1\/wp-content\/uploads\/Mafra_800x500-768x480.png\" class=\"pt-cv-thumbnail pull-left\" alt=\"\" \/><\/a><\/div>\n<div class=\"pt-cv-colwrap\"><h4 class=\"pt-cv-title\"><a href=\"https:\/\/ebsmelgaco.com\/wpebs1\/2026\/04\/24\/visita-ao-palacio-nacional-de-mafra\/\" class=\"_self\" target=\"_self\" >Visita ao Pal\u00e1cio Nacional de Mafra<\/a><\/h4><div class=\"pt-cv-content\">Saramago e o Convento, leituras plurais No passado dia 18 de abril, um grupo de alunos e alunas do 12.\u00ba &#8230;<\/div><\/div><\/div>\n<div class=\" pt-cv-content-item pt-cv-2-col\" ><div class=\"pt-cv-thumb-wrapper pull-left \"><a href=\"https:\/\/ebsmelgaco.com\/wpebs1\/2026\/04\/24\/projeto-viveiros-escolares\/\" class=\"_self pt-cv-href-thumbnail pt-cv-thumb-left\" target=\"_self\" ><img loading=\"lazy\" decoding=\"async\" width=\"768\" height=\"480\" src=\"https:\/\/ebsmelgaco.com\/wpebs1\/wp-content\/uploads\/ViveirosEscolares_800x500-768x480.jpg\" class=\"pt-cv-thumbnail pull-left\" alt=\"\" \/><\/a><\/div>\n<div class=\"pt-cv-colwrap\"><h4 class=\"pt-cv-title\"><a href=\"https:\/\/ebsmelgaco.com\/wpebs1\/2026\/04\/24\/projeto-viveiros-escolares\/\" class=\"_self\" target=\"_self\" >Projeto Viveiros Escolares<\/a><\/h4><div class=\"pt-cv-content\">No passado dia 4 de mar\u00e7o, o Agrupamento de Escolas de Melga\u00e7o dinamizou uma atividade de educa\u00e7\u00e3o ambiental e refloresta\u00e7\u00e3o, &#8230;<\/div><\/div><\/div>\n<div class=\" pt-cv-content-item pt-cv-2-col\" ><div class=\"pt-cv-thumb-wrapper pull-left \"><a href=\"https:\/\/ebsmelgaco.com\/wpebs1\/2026\/04\/10\/visita-de-estudo-a-viana-do-castelo\/\" class=\"_self pt-cv-href-thumbnail pt-cv-thumb-left\" target=\"_self\" ><img loading=\"lazy\" decoding=\"async\" width=\"768\" height=\"480\" src=\"https:\/\/ebsmelgaco.com\/wpebs1\/wp-content\/uploads\/IMG_20260325_800x500-768x480.jpg\" class=\"pt-cv-thumbnail pull-left\" alt=\"\" \/><\/a><\/div>\n<div class=\"pt-cv-colwrap\"><h4 class=\"pt-cv-title\"><a href=\"https:\/\/ebsmelgaco.com\/wpebs1\/2026\/04\/10\/visita-de-estudo-a-viana-do-castelo\/\" class=\"_self\" target=\"_self\" >Visita de estudo a Viana do Castelo<\/a><\/h4><div class=\"pt-cv-content\">No dia 25 de mar\u00e7o, os alunos do s\u00e9timo ano das turmas A, B e C do Agrupamento de Escolas &#8230;<\/div><\/div><\/div>\n<div class=\" pt-cv-content-item pt-cv-2-col\" ><div class=\"pt-cv-thumb-wrapper pull-left \"><a href=\"https:\/\/ebsmelgaco.com\/wpebs1\/2026\/04\/01\/e-se-fosse-hoje\/\" class=\"_self pt-cv-href-thumbnail pt-cv-thumb-left\" target=\"_self\" ><img loading=\"lazy\" decoding=\"async\" width=\"768\" height=\"480\" src=\"https:\/\/ebsmelgaco.com\/wpebs1\/wp-content\/uploads\/E_se_fosse_hoje_800x500-768x480.jpg\" class=\"pt-cv-thumbnail pull-left\" alt=\"\" \/><\/a><\/div>\n<div class=\"pt-cv-colwrap\"><h4 class=\"pt-cv-title\"><a href=\"https:\/\/ebsmelgaco.com\/wpebs1\/2026\/04\/01\/e-se-fosse-hoje\/\" class=\"_self\" target=\"_self\" >E se fosse hoje?<\/a><\/h4><div class=\"pt-cv-content\">\u201cE se fosse hoje?\u201d \u00e9 uma pe\u00e7a de teatro imersiva que convida o p\u00fablico a atravessar, de forma sensorial e &#8230;<\/div><\/div><\/div>\n<div class=\" pt-cv-content-item pt-cv-2-col\" ><div class=\"pt-cv-thumb-wrapper pull-left \"><a href=\"https:\/\/ebsmelgaco.com\/wpebs1\/2026\/03\/31\/participacao-no-eudamus-2026\/\" class=\"_self pt-cv-href-thumbnail pt-cv-thumb-left\" target=\"_self\" ><img loading=\"lazy\" decoding=\"async\" width=\"768\" height=\"480\" src=\"https:\/\/ebsmelgaco.com\/wpebs1\/wp-content\/uploads\/Edamus_2026-768x480.png\" class=\"pt-cv-thumbnail pull-left\" alt=\"\" \/><\/a><\/div>\n<div class=\"pt-cv-colwrap\"><h4 class=\"pt-cv-title\"><a href=\"https:\/\/ebsmelgaco.com\/wpebs1\/2026\/03\/31\/participacao-no-eudamus-2026\/\" class=\"_self\" target=\"_self\" >Participa\u00e7\u00e3o no EuDaMuS 2026<\/a><\/h4><div class=\"pt-cv-content\">A nossa escola teve a enorme honra de participar no Dia Europeu da M\u00fasica nas Escolas \u2013 EuDaMuS 2026, promovido &#8230;<\/div><\/div><\/div>\n<div class=\" pt-cv-content-item pt-cv-2-col\" ><div class=\"pt-cv-thumb-wrapper pull-left \"><a href=\"https:\/\/ebsmelgaco.com\/wpebs1\/2026\/03\/31\/indisciplinar-a-matematica\/\" class=\"_self pt-cv-href-thumbnail pt-cv-thumb-left\" target=\"_self\" ><img loading=\"lazy\" decoding=\"async\" width=\"768\" height=\"480\" src=\"https:\/\/ebsmelgaco.com\/wpebs1\/wp-content\/uploads\/Indisciplinar_800x500-768x480.png\" class=\"pt-cv-thumbnail pull-left\" alt=\"\" \/><\/a><\/div>\n<div class=\"pt-cv-colwrap\"><h4 class=\"pt-cv-title\"><a href=\"https:\/\/ebsmelgaco.com\/wpebs1\/2026\/03\/31\/indisciplinar-a-matematica\/\" class=\"_self\" target=\"_self\" >&#8220;Indisciplinar&#8221; a Matem\u00e1tica<\/a><\/h4><div class=\"pt-cv-content\">No \u00e2mbito das comemora\u00e7\u00f5es do Dia do Pi, o Agrupamento de Escolas de Melga\u00e7o promoveu a oficina \u201cIndisciplinar&#8221; a Matem\u00e1tica, &#8230;<\/div><\/div><\/div>\n<div class=\" pt-cv-content-item pt-cv-2-col\" ><div class=\"pt-cv-thumb-wrapper pull-left \"><a href=\"https:\/\/ebsmelgaco.com\/wpebs1\/2026\/03\/19\/dia-do-pi\/\" class=\"_self pt-cv-href-thumbnail pt-cv-thumb-left\" target=\"_self\" ><img loading=\"lazy\" decoding=\"async\" width=\"768\" height=\"480\" src=\"https:\/\/ebsmelgaco.com\/wpebs1\/wp-content\/uploads\/DiaPi_2026-077_800x500-768x480.jpg\" class=\"pt-cv-thumbnail pull-left\" alt=\"\" \/><\/a><\/div>\n<div class=\"pt-cv-colwrap\"><h4 class=\"pt-cv-title\"><a href=\"https:\/\/ebsmelgaco.com\/wpebs1\/2026\/03\/19\/dia-do-pi\/\" class=\"_self\" target=\"_self\" >Dia do Pi<\/a><\/h4><div class=\"pt-cv-content\">No \u00e2mbito da comemora\u00e7\u00e3o do Dia do Pi, celebrado a 14 de mar\u00e7o, os alunos do 2.\u00ba e 3.\u00ba ciclos &#8230;<\/div><\/div><\/div><\/div><\/div>\n<div class=\" pt-cv-pagination-wrapper\"><ul class=\"pt-cv-pagination pt-cv-ajax pagination\" data-totalpages=\"3\" data-currentpage=\"1\" data-sid=\"by59h3g1\" data-unid=\"\" data-isblock=\"list1\" data-postid=\"0\"><li class=\"active\"><a href=\"#\">1<\/a><\/li>\n\t<li ><a class=\"\" href=\"https:\/\/ebsmelgaco.com\/wpebs1\/wp-json\/wp\/v2\/pages\/1486\/?_page=2\">2<\/a><\/li>\n\t<li ><a class=\"\" href=\"https:\/\/ebsmelgaco.com\/wpebs1\/wp-json\/wp\/v2\/pages\/1486\/?_page=3\">3<\/a><\/li>\n\t<li ><a class=\" \" href=\"https:\/\/ebsmelgaco.com\/wpebs1\/wp-json\/wp\/v2\/pages\/1486\/?_page=2\">&rsaquo;<\/a><\/li>\n\t<\/ul><img loading=\"lazy\" decoding=\"async\" width=\"15\" height=\"15\" class=\"pt-cv-spinner\" alt=\"Loading...\" src=\"data:image\/gif;base64,R0lGODlhDwAPALMPAMrKygwMDJOTkz09PZWVla+vr3p6euTk5M7OzuXl5TMzMwAAAJmZmWZmZszMzP\/\/\/yH\/C05FVFNDQVBFMi4wAwEAAAAh+QQFCgAPACwAAAAADwAPAAAEQvDJaZaZOIcV8iQK8VRX4iTYoAwZ4iCYoAjZ4RxejhVNoT+mRGP4cyF4Pp0N98sBGIBMEMOotl6YZ3S61Bmbkm4mAgAh+QQFCgAPACwAAAAADQANAAAENPDJSRSZeA418itN8QiK8BiLITVsFiyBBIoYqnoewAD4xPw9iY4XLGYSjkQR4UAUD45DLwIAIfkEBQoADwAsAAAAAA8ACQAABC\/wyVlamTi3nSdgwFNdhEJgTJoNyoB9ISYoQmdjiZPcj7EYCAeCF1gEDo4Dz2eIAAAh+QQFCgAPACwCAAAADQANAAAEM\/DJBxiYeLKdX3IJZT1FU0iIg2RNKx3OkZVnZ98ToRD4MyiDnkAh6BkNC0MvsAj0kMpHBAAh+QQFCgAPACwGAAAACQAPAAAEMDC59KpFDll73HkAA2wVY5KgiK5b0RRoI6MuzG6EQqCDMlSGheEhUAgqgUUAFRySIgAh+QQFCgAPACwCAAIADQANAAAEM\/DJKZNLND\/kkKaHc3xk+QAMYDKsiaqmZCxGVjSFFCxB1vwy2oOgIDxuucxAMTAJFAJNBAAh+QQFCgAPACwAAAYADwAJAAAEMNAs86q1yaWwwv2Ig0jUZx3OYa4XoRAfwADXoAwfo1+CIjyFRuEho60aSNYlOPxEAAAh+QQFCgAPACwAAAIADQANAAAENPA9s4y8+IUVcqaWJ4qEQozSoAzoIyhCK2NFU2SJk0hNnyEOhKR2AzAAj4Pj4GE4W0bkJQIAOw==\" \/><div class=\"clear pt-cv-clear-pagination\"><\/div><\/div> <\/div> <style>\n\n#pt-cv-view-by59h3g1 .pt-cv-meta-fields {  }#pt-cv-view-by59h3g1 .pt-cv-meta-fields * { font-size: 13px; }#pt-cv-view-by59h3g1 .pt-cv-thumb-wrapper:not(.miniwrap) { width: 28%; }#pt-cv-view-by59h3g1 .pt-cv-thumbnail:not(.pt-cv-thumbnailsm) {  }#pt-cv-view-by59h3g1 .pt-cv-title a { display: block; }#pt-cv-view-by59h3g1 .pt-cv-title:not(.pt-cv-titlesm) a { font-weight: 600;text-decoration: none;font-size: 22px; }#pt-cv-view-by59h3g1 .pt-cv-titlesm a { font-weight: 600;font-size: 18px; }#pt-cv-view-by59h3g1 .pt-cv-content { font-size: 15px; }#pt-cv-view-by59h3g1 .pt-cv-rmwrap {  }#pt-cv-view-by59h3g1 .pt-cv-readmore { color: #fff;background-color: #0075ff;font-size: 14px; }#pt-cv-view-by59h3g1 .pt-cv-taxoterm {  }#pt-cv-view-by59h3g1 .pt-cv-taxoterm * { color: #222;background-color: #fff6f6;font-size: 14px; }#pt-cv-view-by59h3g1 + .pt-cv-pagination-wrapper {  }#pt-cv-view-by59h3g1 + .pt-cv-pagination-wrapper a { font-size: 14px; }#pt-cv-view-by59h3g1 > .pt-cv-page {grid-template-columns: repeat(1, 1fr);grid-gap: 20px;}\n@media all and (max-width: 1024px) { \n#pt-cv-view-by59h3g1 > .pt-cv-page {grid-template-columns: repeat(1, 1fr);}\n} \n@media all and (max-width: 767px) { \n#pt-cv-view-by59h3g1 > .pt-cv-page {grid-template-columns: repeat(1, 1fr);}\n} <\/style>","protected":false},"excerpt":{"rendered":"","protected":false},"author":1,"featured_media":0,"parent":0,"menu_order":0,"comment_status":"closed","ping_status":"closed","template":"","meta":{"footnotes":""},"class_list":["post-1486","page","type-page","status-publish","hentry"],"_links":{"self":[{"href":"https:\/\/ebsmelgaco.com\/wpebs1\/wp-json\/wp\/v2\/pages\/1486","targetHints":{"allow":["GET"]}}],"collection":[{"href":"https:\/\/ebsmelgaco.com\/wpebs1\/wp-json\/wp\/v2\/pages"}],"about":[{"href":"https:\/\/ebsmelgaco.com\/wpebs1\/wp-json\/wp\/v2\/types\/page"}],"author":[{"embeddable":true,"href":"https:\/\/ebsmelgaco.com\/wpebs1\/wp-json\/wp\/v2\/users\/1"}],"replies":[{"embeddable":true,"href":"https:\/\/ebsmelgaco.com\/wpebs1\/wp-json\/wp\/v2\/comments?post=1486"}],"version-history":[{"count":7,"href":"https:\/\/ebsmelgaco.com\/wpebs1\/wp-json\/wp\/v2\/pages\/1486\/revisions"}],"predecessor-version":[{"id":2407,"href":"https:\/\/ebsmelgaco.com\/wpebs1\/wp-json\/wp\/v2\/pages\/1486\/revisions\/2407"}],"wp:attachment":[{"href":"https:\/\/ebsmelgaco.com\/wpebs1\/wp-json\/wp\/v2\/media?parent=1486"}],"curies":[{"name":"wp","href":"https:\/\/api.w.org\/{rel}","templated":true}]}}