{"id":1211,"date":"2024-05-03T14:27:15","date_gmt":"2024-05-03T14:27:15","guid":{"rendered":"https:\/\/ebsmelgaco.com\/wordpressbbl\/?page_id=1211"},"modified":"2025-05-07T10:10:48","modified_gmt":"2025-05-07T10:10:48","slug":"recursos-de-apoio-ao-utilizador","status":"publish","type":"page","link":"https:\/\/ebsmelgaco.com\/wordpressbbl\/recursos-de-apoio-ao-utilizador\/","title":{"rendered":"Recursos de apoio ao utilizador"},"content":{"rendered":"<p style=\"text-align: center;\"><span style=\"color: #000080;\"><strong><span style=\"font-family: arial, helvetica, sans-serif; font-size: 14pt;\">RECURSOS DE APOIO AO UTILIZADOR<\/span><\/strong><\/span><\/p>\n<p class=\"x_elementToProof\"><span style=\"font-family: arial, helvetica, sans-serif;\" data-ogsc=\"black\">A\u00a0<b>literacia da informa\u00e7\u00e3o<\/b>\u00a0\u00e9 uma compet\u00eancia essencial nos dias de hoje, especialmente com a vasta quantidade de informa\u00e7\u00f5es dispon\u00edveis online. Trata-se da capacidade de localizar, avaliar, organizar, e utilizar informa\u00e7\u00f5es de forma eficaz e eticamente respons\u00e1vel.<\/span><\/p>\n<p><span style=\"font-family: arial, helvetica, sans-serif;\" data-ogsc=\"black\">Assim, ao desenvolver habilidades de literacia da informa\u00e7\u00e3o, tornamo-nos mais aptos a discernir entre fontes confi\u00e1veis e n\u00e3o confi\u00e1veis avaliando criticamente a informa\u00e7\u00e3o; a utilizar t\u00e9cnicas de pesquisa avan\u00e7ada para encontrar as informa\u00e7\u00f5es mais relevantes; a gerir e a apresentar o grande volume de informa\u00e7\u00e3o encontrada ao longo da pesquisa de forma eficaz e a compreender as quest\u00f5es jur\u00eddicas e \u00e9ticas relacionadas com a recolha e utiliza\u00e7\u00e3o dessa informa\u00e7\u00e3o.<\/span><\/p>\n<p><span style=\"font-family: arial, helvetica, sans-serif;\" data-ogsc=\"black\">Esta compet\u00eancia \u00e9 valiosa em diversos contextos, desde a pesquisa para trabalhos escolares at\u00e9 \u00e0 simples procura por informa\u00e7\u00f5es do dia a dia.<\/span><\/p>\n<p><span style=\"font-family: arial, helvetica, sans-serif;\" data-ogsc=\"black\">De forma a investir na melhoria da literacia da informa\u00e7\u00e3o \u00e9 <\/span><span style=\"font-family: arial, helvetica, sans-serif;\" data-ogsc=\"black\">disponibilizado o seguinte <strong>conjunto de recursos<\/strong>:<\/span><\/p>\n\n\n\n\n<div class=\"wp-block-buttons is-content-justification-center is-layout-flex wp-container-core-buttons-is-layout-16018d1d wp-block-buttons-is-layout-flex\">\n<div class=\"wp-block-button\"><a class=\"wp-block-button__link has-text-align-center wp-element-button\" href=\"https:\/\/drive.google.com\/file\/d\/1QMxPuSyy3RcTL36PHmx7OMZ7nUqaB_oQ\/view?usp=sharing\" target=\"_blank\" rel=\"noreferrer noopener\">Como fazer um trabalho escolar?<\/a><\/div>\n\n\n\n<div class=\"wp-block-button\"><a class=\"wp-block-button__link has-text-align-center wp-element-button\" href=\"https:\/\/drive.google.com\/file\/d\/17Pcyeima3v9wEcybiiUPuTE74zcwdOWA\/view?usp=sharing\">Como fazer pesquisas?<\/a><\/div>\n\n\n\n<div class=\"wp-block-button\"><a class=\"wp-block-button__link has-text-align-center wp-element-button\" href=\"https:\/\/drive.google.com\/file\/d\/17Pcyeima3v9wEcybiiUPuTE74zcwdOWA\/view?usp=sharing\" target=\"_blank\" rel=\"noreferrer noopener\">Como avaliar uma p\u00e1gina web?<\/a><\/div>\n\n\n\n<div class=\"wp-block-button\"><a class=\"wp-block-button__link has-text-align-center wp-element-button\" href=\"https:\/\/drive.google.com\/file\/d\/1RBINXmTVDcUV-MUsC72_APCQb95Tng1H\/view?usp=sharing\" target=\"_blank\" rel=\"noreferrer noopener\">Grelha &#8211; Avaliar p\u00e1ginas<\/a><\/div>\n\n\n\n<div class=\"wp-block-button\"><a class=\"wp-block-button__link has-text-align-center wp-element-button\" href=\"https:\/\/drive.google.com\/file\/d\/10AVItpcbq4yZHB7dzcbf3hMwLUyd8yBR\/view?usp=sharing\" target=\"_blank\" rel=\"noreferrer noopener\">Jogo de verifica\u00e7\u00e3o de p\u00e1ginas em linha<\/a><\/div>\n\n\n\n<div class=\"wp-block-button\"><a class=\"wp-block-button__link has-text-align-center wp-element-button\" href=\"https:\/\/view.genial.ly\/65d282ee39239a0014af257b\/interactive-content-citar-e-referenciar-os-trabalhos-escolares\" target=\"_blank\" rel=\"noreferrer noopener\">Como citar e referenciar?<\/a><\/div>\n\n\n\n<div class=\"wp-block-button\"><a class=\"wp-block-button__link has-text-align-center wp-element-button\" href=\"https:\/\/drive.google.com\/file\/d\/10AVItpcbq4yZHB7dzcbf3hMwLUyd8yBR\/view?usp=sharing\" target=\"_blank\" rel=\"noreferrer noopener\">Como criar licen\u00e7as Creative Commons?<\/a><\/div>\n\n\n\n<div class=\"wp-block-button\"><a class=\"wp-block-button__link has-text-align-center wp-element-button\" href=\"https:\/\/view.genially.com\/68177bfef1961efe0ee5688a\/interactive-content-inteligencia-artificial-ferramentas\" target=\"_blank\" rel=\"noreferrer noopener\">IA_Ferramentas<\/a><\/div>\n\n\n\n<div class=\"wp-block-button\"><a class=\"wp-block-button__link has-text-align-center wp-element-button\" href=\"https:\/\/www.canva.com\/design\/DAGmtL7vSmE\/9w3vPWmtTMivrdHc-ksROA\/view?utm_content=DAGmtL7vSmE&amp;utm_campaign=designshare&amp;utm_medium=link2&amp;utm_source=uniquelinks&amp;utlId=hedb6f0da39\" target=\"_blank\" rel=\"noreferrer noopener\">IA_ Cuidados e dicas<\/a><\/div>\n<\/div>\n\n\n\n\n\n\n","protected":false},"excerpt":{"rendered":"<p>RECURSOS DE APOIO AO UTILIZADOR A\u00a0literacia da informa\u00e7\u00e3o\u00a0\u00e9 uma compet\u00eancia essencial nos dias de hoje, especialmente com a vasta quantidade de informa\u00e7\u00f5es dispon\u00edveis online. Trata-se da capacidade de localizar, avaliar, organizar, e utilizar informa\u00e7\u00f5es de forma eficaz e eticamente respons\u00e1vel. Assim, ao desenvolver habilidades de literacia da informa\u00e7\u00e3o, tornamo-nos mais aptos a discernir entre fontes &#8230; <a title=\"Recursos de apoio ao utilizador\" class=\"read-more\" href=\"https:\/\/ebsmelgaco.com\/wordpressbbl\/recursos-de-apoio-ao-utilizador\/\" aria-label=\"Leia mais sobre Recursos de apoio ao utilizador\">Ler mais<\/a><\/p>\n","protected":false},"author":1,"featured_media":0,"parent":0,"menu_order":0,"comment_status":"closed","ping_status":"closed","template":"","meta":{"footnotes":""},"class_list":["post-1211","page","type-page","status-publish"],"_links":{"self":[{"href":"https:\/\/ebsmelgaco.com\/wordpressbbl\/wp-json\/wp\/v2\/pages\/1211","targetHints":{"allow":["GET"]}}],"collection":[{"href":"https:\/\/ebsmelgaco.com\/wordpressbbl\/wp-json\/wp\/v2\/pages"}],"about":[{"href":"https:\/\/ebsmelgaco.com\/wordpressbbl\/wp-json\/wp\/v2\/types\/page"}],"author":[{"embeddable":true,"href":"https:\/\/ebsmelgaco.com\/wordpressbbl\/wp-json\/wp\/v2\/users\/1"}],"replies":[{"embeddable":true,"href":"https:\/\/ebsmelgaco.com\/wordpressbbl\/wp-json\/wp\/v2\/comments?post=1211"}],"version-history":[{"count":18,"href":"https:\/\/ebsmelgaco.com\/wordpressbbl\/wp-json\/wp\/v2\/pages\/1211\/revisions"}],"predecessor-version":[{"id":1846,"href":"https:\/\/ebsmelgaco.com\/wordpressbbl\/wp-json\/wp\/v2\/pages\/1211\/revisions\/1846"}],"wp:attachment":[{"href":"https:\/\/ebsmelgaco.com\/wordpressbbl\/wp-json\/wp\/v2\/media?parent=1211"}],"curies":[{"name":"wp","href":"https:\/\/api.w.org\/{rel}","templated":true}]}}